{"id":21532,"date":"2022-10-13T16:50:38","date_gmt":"2022-10-13T21:50:38","guid":{"rendered":"http:\/\/172.20.0.158\/editora\/?page_id=21532"},"modified":"2023-03-19T17:51:17","modified_gmt":"2023-03-19T22:51:17","slug":"terminos-y-condiciones-de-uso","status":"publish","type":"page","link":"https:\/\/fondoeditorial.editoraperu.pe\/?page_id=21532","title":{"rendered":"T\u00e9rminos y condiciones de uso"},"content":{"rendered":"<div class=\"fusion-fullwidth fullwidth-box fusion-builder-row-1 nonhundred-percent-fullwidth non-hundred-percent-height-scrolling\" style=\"background-color: rgba(230,50,31,0);background-position: center center;background-repeat: no-repeat;padding-top:0px;padding-right:0px;padding-bottom:0px;padding-left:0px;margin-bottom: 0px;margin-top: 0px;border-width: 0px 0px 0px 0px;border-color:#eae9e9;border-style:solid;\" ><div class=\"fusion-builder-row fusion-row\"><div class=\"fusion-layout-column fusion_builder_column fusion-builder-column-0 fusion_builder_column_1_1 1_1 fusion-one-full fusion-column-first fusion-column-last fusion-column-no-min-height\" style=\"margin-top:0px;margin-bottom:20px;\"><div class=\"fusion-column-wrapper fusion-flex-column-wrapper-legacy\" style=\"background-position:left top;background-repeat:no-repeat;-webkit-background-size:cover;-moz-background-size:cover;-o-background-size:cover;background-size:cover;background-color:rgba(247,250,246,0);padding: 0px 30px 150px 30px;\"><div class=\"fusion-column-content-centered\"><div class=\"fusion-column-content\"><div class=\"fusion-text fusion-text-1\"><p>Fondo Editorial de Editora Per\u00fa, persona jur\u00eddica de derecho privado describe, a trav\u00e9s de este documento, las normas de uso del sitio www.fondoeditorial.editoraperu.pe y de cualquier otro sitio web, tienda o aplicaci\u00f3n operada por el titular.<\/p>\n<p>Al continuar navegando por este sitio web, usted est\u00e1 aceptando estar de acuerdo con las condiciones de uso que figuran a continuaci\u00f3n.<\/p>\n<p>Si no est\u00e1 de acuerdo con los t\u00e9rminos de este acuerdo, le pedimos que no haga ning\u00fan otro uso de este sitio web, mucho menos que registrar o enviar sus datos personales.<\/p>\n<p>Las condiciones de uso publicadas pueden ser modificadas o actualizadas en cualquier momento, la cual adem\u00e1s de estar publicada en la web, y en caso exista un cambio significativo podemos informarle utilizando la informaci\u00f3n de contacto que tenemos en nuestra base de datos o mediante una notificaci\u00f3n.<\/p>\n<p>El uso de este sitio web despu\u00e9s de los cambios significa que usted acepta las condiciones de uso revisadas. Si, despu\u00e9s de leer la versi\u00f3n revisada, no est\u00e1 de acuerdo con sus t\u00e9rminos, por favor, termine su acceso.<\/p>\n<p><strong>Secci\u00f3n 1 &#8211; Usuario<\/strong><br \/>\nEl uso de este sitio web le otorga autom\u00e1ticamente la condici\u00f3n de Usuario e implica su plena aceptaci\u00f3n de todas las directrices y condiciones incluidas en estas Condiciones.<\/p>\n<p><strong>Secci\u00f3n 2 &#8211; Adhesi\u00f3n junto con la pol\u00edtica de privacidad<\/strong><br \/>\nEl uso de este sitio web implica la adhesi\u00f3n a estas Condiciones de Uso y a la versi\u00f3n m\u00e1s actualizada de la Pol\u00edtica de Privacidad de Fondo Editorial de Editora Per\u00fa.<\/p>\n<p><strong>Secci\u00f3n 3 &#8211; Condiciones de acceso<\/strong><br \/>\nEn general, el acceso al sitio web de Fondo Editorial de Editora Per\u00fa es gratuito y no requiere registro previo.<\/p>\n<p>Sin embargo, para hacer uso de algunas funcionalidades, el usuario necesitar\u00e1 registrarse, creando una cuenta de usuario con un nombre de usuario y una contrase\u00f1a de acceso.<\/p>\n<p>Es responsabilidad del usuario proporcionar \u00fanicamente informaci\u00f3n correcta, aut\u00e9ntica, v\u00e1lida, completa y actualizada, as\u00ed como no revelar su nombre de usuario y contrase\u00f1a a terceros.<\/p>\n<p>El sitio web ofrece al usuario la opci\u00f3n de publicar comentarios por el usuario, por lo que el Fondo Editorial de Editora Per\u00fa no consiente comentarios con contenidos de car\u00e1cter discriminatorio, ofensivo o il\u00edcito, o que infrinjan los derechos de autor o cualquier otro derecho de terceros.<\/p>\n<p>La publicaci\u00f3n de cualquier comentario por parte del usuario de este sitio web, implica una licencia no exclusiva, irrevocable e irreversible para su uso, reproducci\u00f3n y publicaci\u00f3n por parte de Fondo Editorial de Editora Per\u00fa en su sitio web, plataformas de internet y aplicaciones, o incluso en otras plataformas, sin ninguna restricci\u00f3n o limitaci\u00f3n.<\/p>\n<p><strong>Secci\u00f3n 4 &#8211; Cookies<\/strong><br \/>\nLa informaci\u00f3n sobre el uso que usted hace de este sitio web puede recogerse a trav\u00e9s de las cookies. Las cookies son piezas de informaci\u00f3n que se almacenan directamente en el equipo que est\u00e1 utilizando. Las cookies permiten recoger informaci\u00f3n como el tipo de navegador, el tiempo de permanencia en el sitio web, las p\u00e1ginas visitadas, las preferencias de idioma y otros datos de tr\u00e1fico an\u00f3nimos. Nosotros y nuestros proveedores de servicios utilizamos la informaci\u00f3n para la protecci\u00f3n de la seguridad, para facilitar la navegaci\u00f3n, mostrar la informaci\u00f3n de manera m\u00e1s eficiente y personalizar su experiencia al utilizar este sitio web, as\u00ed como para el seguimiento en l\u00ednea. Tambi\u00e9n recopilamos informaci\u00f3n estad\u00edstica sobre el uso del sitio web para mejorar continuamente nuestro dise\u00f1o y funcionalidad, para entender c\u00f3mo se utiliza el sitio web y para ayudarle a resolver problemas relevantes.<\/p>\n<p>Si no desea que se recoja su informaci\u00f3n a trav\u00e9s de las cookies, existe un procedimiento sencillo en la mayor\u00eda de los navegadores que permite rechazar autom\u00e1ticamente las cookies, o le da la opci\u00f3n de aceptar o rechazar la transferencia de una cookie espec\u00edfica (o varias) de un sitio web concreto a su ordenador. Sin embargo, esto puede crear inconvenientes en su uso del sitio web.<\/p>\n<p>La configuraci\u00f3n que elija puede afectar a su experiencia de navegaci\u00f3n y al funcionamiento que requiere el uso de cookies. En este sentido, rechazamos cualquier responsabilidad por las consecuencias derivadas del funcionamiento limitado de este sitio web causado por la desactivaci\u00f3n de las cookies en su dispositivo (incapacidad para establecer o leer una cookie).<\/p>\n<p><strong>Secci\u00f3n 5 &#8211; Propiedad intelectual<\/strong><br \/>\nTodos los elementos de Fondo Editorial de Editora Per\u00fa son propiedad intelectual de la misma o de sus licenciantes. Estos t\u00e9rminos o el uso del sitio web no le otorgan ninguna licencia o derecho de uso de los derechos de propiedad intelectual de Fondo Editorial de Editora Per\u00fa o de cualquier tercero.<\/p>\n<p><strong>Secci\u00f3n 6 &#8211; Enlaces a sitios web de terceros<\/strong><br \/>\nEste sitio web puede contener, de vez en cuando, enlaces de hipertexto que le redirigir\u00e1n a sitios web de nuestros socios, anunciantes, proveedores, etc. Si hace click en uno de estos enlaces a cualquiera de estos sitios, recuerde que cada sitio tiene sus propias pr\u00e1cticas de privacidad y que el Fondo Editorial de Editora Per\u00fa no son responsables de esas pol\u00edticas. Por favor, consulte esas pol\u00edticas antes de enviar cualquier dato personal a esos sitios.<\/p>\n<p>El Fondo Editorial de Editora Per\u00fa no es responsable de las pol\u00edticas y pr\u00e1cticas de recopilaci\u00f3n, uso y divulgaci\u00f3n (incluidas las pr\u00e1cticas de protecci\u00f3n de datos) de otras organizaciones, como Facebook, Apple, Google, Microsoft, o cualquier otro desarrollador de software o proveedor de aplicaciones, tienda de medios sociales, sistema operativo, proveedor de servicios de internet o fabricante de dispositivos, incluidos los Datos Personales que usted divulgue a otras organizaciones a trav\u00e9s de las aplicaciones, en relaci\u00f3n con dichas aplicaciones, o publicados en nuestras redes sociales. Le recomendamos que se informe sobre la pol\u00edtica de privacidad y las condiciones de uso de cada sitio web visitado o proveedor de servicios utilizado.<\/p>\n<p><strong>Secci\u00f3n 7 &#8211; Plazos y modificaciones<\/strong><br \/>\nEl funcionamiento de este sitio web es por tiempo indefinido.<\/p>\n<p>La totalidad del sitio web o cada una de sus secciones podr\u00e1 ser cerrada, suspendida o interrumpida unilateralmente por Fondo Editorial de Editora Per\u00fa, en cualquier momento y sin previo aviso.<\/p>\n<p><strong>Secci\u00f3n 8 &#8211; Datos personales<\/strong><br \/>\nDurante el uso de este sitio web, ciertos datos personales ser\u00e1n recogidos y procesados por Fondo Editorial de Editora Per\u00fa y\/o los Socios. Las normas relativas al tratamiento de los datos personales de Fondo Editorial de Editora Per\u00fa est\u00e1n estipuladas en la Pol\u00edtica de Privacidad.<\/p>\n<p><strong>Secci\u00f3n 9 &#8211; Contacto<\/strong><br \/>\nPara sugerencias y\/o comentarios sobre los t\u00e9rminos y condiciones de uso de nuestro sitio Web puede contactarnos al correo electr\u00f3nico: fondoeditorial@editoraperu.com.pe.<\/p>\n<\/div><\/div><\/div><div class=\"fusion-clearfix\"><\/div><\/div><\/div><\/div><\/div>\n","protected":false},"excerpt":{"rendered":"","protected":false},"author":9,"featured_media":0,"parent":0,"menu_order":0,"comment_status":"closed","ping_status":"closed","template":"","meta":{"_bbp_topic_count":0,"_bbp_reply_count":0,"_bbp_total_topic_count":0,"_bbp_total_reply_count":0,"_bbp_voice_count":0,"_bbp_anonymous_reply_count":0,"_bbp_topic_count_hidden":0,"_bbp_reply_count_hidden":0,"_bbp_forum_subforum_count":0,"_mi_skip_tracking":false,"_joinchat":[],"footnotes":""},"class_list":["post-21532","page","type-page","status-publish","hentry"],"_links":{"self":[{"href":"https:\/\/fondoeditorial.editoraperu.pe\/index.php?rest_route=\/wp\/v2\/pages\/21532","targetHints":{"allow":["GET"]}}],"collection":[{"href":"https:\/\/fondoeditorial.editoraperu.pe\/index.php?rest_route=\/wp\/v2\/pages"}],"about":[{"href":"https:\/\/fondoeditorial.editoraperu.pe\/index.php?rest_route=\/wp\/v2\/types\/page"}],"author":[{"embeddable":true,"href":"https:\/\/fondoeditorial.editoraperu.pe\/index.php?rest_route=\/wp\/v2\/users\/9"}],"replies":[{"embeddable":true,"href":"https:\/\/fondoeditorial.editoraperu.pe\/index.php?rest_route=%2Fwp%2Fv2%2Fcomments&post=21532"}],"version-history":[{"count":5,"href":"https:\/\/fondoeditorial.editoraperu.pe\/index.php?rest_route=\/wp\/v2\/pages\/21532\/revisions"}],"predecessor-version":[{"id":21902,"href":"https:\/\/fondoeditorial.editoraperu.pe\/index.php?rest_route=\/wp\/v2\/pages\/21532\/revisions\/21902"}],"wp:attachment":[{"href":"https:\/\/fondoeditorial.editoraperu.pe\/index.php?rest_route=%2Fwp%2Fv2%2Fmedia&parent=21532"}],"curies":[{"name":"wp","href":"https:\/\/api.w.org\/{rel}","templated":true}]}}