{"id":22267,"date":"2025-10-27T10:33:30","date_gmt":"2025-10-27T15:33:30","guid":{"rendered":"https:\/\/fondoeditorial.editoraperu.pe\/?post_type=product&#038;p=22267"},"modified":"2025-10-27T11:05:49","modified_gmt":"2025-10-27T16:05:49","slug":"xi-jinping-la-gobernacion-y-administracion-de-china","status":"publish","type":"product","link":"https:\/\/fondoeditorial.editoraperu.pe\/?product=xi-jinping-la-gobernacion-y-administracion-de-china","title":{"rendered":"XI JINPING. La gobernaci\u00f3n y administraci\u00f3n de China"},"content":{"rendered":"<div class=\"fusion-fullwidth fullwidth-box fusion-builder-row-1 nonhundred-percent-fullwidth non-hundred-percent-height-scrolling\" style=\"background-color: #ffffff;background-position: center center;background-repeat: no-repeat;padding-top:0px;padding-right:0px;padding-bottom:0px;padding-left:0px;margin-bottom: 0px;margin-top: 0px;border-width: 0px 0px 0px 0px;border-color:#eae9e9;border-style:solid;\" ><div class=\"fusion-builder-row fusion-row\"><div class=\"fusion-layout-column fusion_builder_column fusion-builder-column-0 fusion_builder_column_1_1 1_1 fusion-one-full fusion-column-first fusion-column-last\" style=\"margin-top:0px;margin-bottom:20px;\"><div class=\"fusion-column-wrapper fusion-flex-column-wrapper-legacy\" style=\"background-position:left top;background-repeat:no-repeat;-webkit-background-size:cover;-moz-background-size:cover;-o-background-size:cover;background-size:cover;padding: 0px 0px 0px 0px;\"><div class=\"fusion-text fusion-text-1\"><p><em>XI JINPING. La gobernaci\u00f3n y administraci\u00f3n de China<\/em><\/p>\n<p>Este volumen, <b>una colecci\u00f3n capital de los pronunciamientos esenciales<\/b> del m\u00e1ximo l\u00edder de la Rep\u00fablica Popular China, <b>Xi Jinping<\/b>, se erige como un <b>testimonio documental indispensable<\/b> para descifrar el rumbo actual del gigante asi\u00e1tico.<\/p>\n<p>Desde el hist\u00f3rico <b>XVIII Congreso Nacional del PCCh en 2012<\/b>, y abarcando hasta el presente, la obra <b>compendia de manera rigurosa<\/b> discursos, directrices clave e instrucciones que articulan el <b>pensamiento pol\u00edtico<\/b> y la <b>praxis de gobernanza<\/b> de China. Su lectura no solo introduce al lector en la esencia filos\u00f3fica del <b>\u00abSocialismo con caracter\u00edsticas chinas de la nueva era\u00bb<\/b>\u2014el andamiaje ideol\u00f3gico de la administraci\u00f3n vigente\u2014sino que tambi\u00e9n <b>desgrana la agenda nacional y global<\/b> de la potencia.<\/p>\n<p>El compendio aborda <b>ejes tem\u00e1ticos cruciales<\/b>, desde la <b>profundizaci\u00f3n de las reformas<\/b> y el impulso a un <b>desarrollo econ\u00f3mico de alta calidad<\/b>, hasta la <b>cruzada anticorrupci\u00f3n<\/b> plasmada en el principio de \u00abponer el poder en la jaula de las regulaciones\u00bb. De igual modo, <b>clarifica la visi\u00f3n<\/b> sobre la modernizaci\u00f3n de la defensa, la <b>protecci\u00f3n ecol\u00f3gica<\/b> y el firme compromiso internacional de Beijing con una \u00abcomunidad de destino de la humanidad\u00bb.<\/p>\n<p>Esta publicaci\u00f3n de Editora Per\u00fa es un <b>recurso de incalculable valor<\/b> para <b>analistas, acad\u00e9micos, diplom\u00e1ticos y la comunidad empresarial<\/b>, ofreciendo la <b>v\u00eda regia<\/b> para aprehender las directrices que est\u00e1n <b>moldeando el porvenir de la naci\u00f3n m\u00e1s poblada del planeta<\/b> y su creciente impronta en el complejo orden geopol\u00edtico global.<\/p>\n<\/div><div class=\"fusion-clearfix\"><\/div><\/div><\/div><\/div><\/div>\n","protected":false},"excerpt":{"rendered":"<p>Este volumen es una <b>recopilaci\u00f3n esencial y rigurosa<\/b> de los discursos, escritos y directrices fundamentales del presidente <b>Xi Jinping<\/b>, articulando el <b>pensamiento pol\u00edtico y la praxis de gobernanza<\/b> de la Rep\u00fablica Popular China desde el XVIII Congreso Nacional del PCCh en 2012. La obra es la <b>v\u00eda regia<\/b> para comprender el \u00abSocialismo con caracter\u00edsticas chinas de la nueva era\u00bb y la agenda nacional, desgranando <b>ejes tem\u00e1ticos cruciales<\/b> como la reforma econ\u00f3mica, la <b>cruzada anticorrupci\u00f3n<\/b> y el compromiso de Beijing con un <b>nuevo orden global<\/b>. Su publicaci\u00f3n por Editora Per\u00fa ofrece a analistas, acad\u00e9micos y empresarios un <b>testimonio documental indispensable<\/b> para descifrar el rumbo y la creciente impronta de la naci\u00f3n m\u00e1s poblada del mundo en el complejo escenario geopol\u00edtico actual.<\/p>\n<p><strong>A\u00f1o:<\/strong> 2016<br \/>\n<strong>P\u00e1ginas:<\/strong> 642<br \/>\n<strong>Materia:<\/strong> Ciencias Pol\u00edticas y Gobierno<br \/>\n<strong>ISBN:<\/strong> 978-9972-9538-2-8<br \/>\n<strong>Tapa:<\/strong> Tapa blanda plastificada mate con solapas<br \/>\n<strong>Papel:<\/strong> bond 80g<br \/>\n<strong>Dimensiones:<\/strong> 1.5 x 24cm.<\/p>\n<p>&nbsp;<\/p>\n<p>&nbsp;<\/p>\n","protected":false},"featured_media":22264,"comment_status":"open","ping_status":"closed","template":"","meta":{"_bbp_topic_count":0,"_bbp_reply_count":0,"_bbp_total_topic_count":0,"_bbp_total_reply_count":0,"_bbp_voice_count":0,"_bbp_anonymous_reply_count":0,"_bbp_topic_count_hidden":0,"_bbp_reply_count_hidden":0,"_bbp_forum_subforum_count":0,"_mi_skip_tracking":false,"_joinchat":{"telephone":"+51915248092"}},"product_cat":[164],"product_tag":[],"class_list":{"0":"post-22267","1":"product","2":"type-product","3":"status-publish","4":"has-post-thumbnail","6":"product_cat-ciencias-politicas-y-gobierno","8":"first","9":"outofstock","10":"shipping-taxable","11":"purchasable","12":"product-type-simple"},"_links":{"self":[{"href":"https:\/\/fondoeditorial.editoraperu.pe\/index.php?rest_route=\/wp\/v2\/product\/22267","targetHints":{"allow":["GET"]}}],"collection":[{"href":"https:\/\/fondoeditorial.editoraperu.pe\/index.php?rest_route=\/wp\/v2\/product"}],"about":[{"href":"https:\/\/fondoeditorial.editoraperu.pe\/index.php?rest_route=\/wp\/v2\/types\/product"}],"replies":[{"embeddable":true,"href":"https:\/\/fondoeditorial.editoraperu.pe\/index.php?rest_route=%2Fwp%2Fv2%2Fcomments&post=22267"}],"wp:featuredmedia":[{"embeddable":true,"href":"https:\/\/fondoeditorial.editoraperu.pe\/index.php?rest_route=\/wp\/v2\/media\/22264"}],"wp:attachment":[{"href":"https:\/\/fondoeditorial.editoraperu.pe\/index.php?rest_route=%2Fwp%2Fv2%2Fmedia&parent=22267"}],"wp:term":[{"taxonomy":"product_cat","embeddable":true,"href":"https:\/\/fondoeditorial.editoraperu.pe\/index.php?rest_route=%2Fwp%2Fv2%2Fproduct_cat&post=22267"},{"taxonomy":"product_tag","embeddable":true,"href":"https:\/\/fondoeditorial.editoraperu.pe\/index.php?rest_route=%2Fwp%2Fv2%2Fproduct_tag&post=22267"}],"curies":[{"name":"wp","href":"https:\/\/api.w.org\/{rel}","templated":true}]}}