{"id":22294,"date":"2025-10-27T12:24:06","date_gmt":"2025-10-27T17:24:06","guid":{"rendered":"https:\/\/fondoeditorial.editoraperu.pe\/?post_type=product&#038;p=22294"},"modified":"2025-10-27T12:43:58","modified_gmt":"2025-10-27T17:43:58","slug":"literatura-de-china-vol-1","status":"publish","type":"product","link":"https:\/\/fondoeditorial.editoraperu.pe\/?product=literatura-de-china-vol-1","title":{"rendered":"Literatura de China (Vol 1.)"},"content":{"rendered":"<div class=\"fusion-fullwidth fullwidth-box fusion-builder-row-1 nonhundred-percent-fullwidth non-hundred-percent-height-scrolling\" style=\"background-color: #ffffff;background-position: center center;background-repeat: no-repeat;padding-top:0px;padding-right:0px;padding-bottom:0px;padding-left:0px;margin-bottom: 0px;margin-top: 0px;border-width: 0px 0px 0px 0px;border-color:#eae9e9;border-style:solid;\" ><div class=\"fusion-builder-row fusion-row\"><div class=\"fusion-layout-column fusion_builder_column fusion-builder-column-0 fusion_builder_column_1_1 1_1 fusion-one-full fusion-column-first fusion-column-last\" style=\"margin-top:0px;margin-bottom:20px;\"><div class=\"fusion-column-wrapper fusion-flex-column-wrapper-legacy\" style=\"background-position:left top;background-repeat:no-repeat;-webkit-background-size:cover;-moz-background-size:cover;-o-background-size:cover;background-size:cover;padding: 0px 0px 0px 0px;\"><div class=\"fusion-text fusion-text-1\"><p><em>Literatura de China (Vol. 1)<\/em><\/p>\n<p>Compilado por He Jianming, constituye una <b>introducci\u00f3n din\u00e1mica y representativa<\/b> a la <b>narrativa breve china contempor\u00e1nea<\/b>. M\u00e1s que un estudio o una obra de un solo autor, se presenta como una <b>cuidadosa selecci\u00f3n de cinco relatos de ficci\u00f3n<\/b> provenientes de plumas destacadas en el panorama literario actual del pa\u00eds asi\u00e1tico.<\/p>\n<p>El prop\u00f3sito central de esta antolog\u00eda es <b>exponer la riqueza de voces, g\u00e9neros y tem\u00e1ticas<\/b> que ocupan la escena literaria china moderna. Al reunir a varios autores, el libro permite al lector <b>aprehender contrastes y similitudes<\/b> en las preocupaciones narrativas, las t\u00e9cnicas estil\u00edsticas y la exploraci\u00f3n de la vida social y personal en la China de hoy.<\/p>\n<p>Los relatos abordan temas que reflejan la <b>compleja transici\u00f3n<\/b> de la sociedad china, incluyendo el impacto de la modernizaci\u00f3n, las tensiones entre la tradici\u00f3n y el progreso, las realidades urbanas, los dramas humanos y, en muchos casos, la <b>exploraci\u00f3n psicol\u00f3gica<\/b> de sus personajes frente a los desaf\u00edos del siglo XXI. El conjunto funciona como un <b>espejo literario<\/b>, ofreciendo una <b>visi\u00f3n multifac\u00e9tica y profunda<\/b> de la sensibilidad y las inquietudes de los escritores chinos contempor\u00e1neos.<\/p>\n<\/div><div class=\"fusion-clearfix\"><\/div><\/div><\/div><\/div><\/div>\n","protected":false},"excerpt":{"rendered":"<p>Compilado por He Jianming, es una <b>selecta antolog\u00eda<\/b> que ofrece un panorama de la <b>narrativa breve china contempor\u00e1nea<\/b>, reuniendo <b>cinco relatos de ficci\u00f3n<\/b> de autores reconocidos. El volumen sirve como <b>ventana a la diversidad de voces y estilos<\/b>, explorando temas cruciales de la China moderna, como la <b>tensi\u00f3n entre tradici\u00f3n y cambio<\/b>, las <b>realidades urbanas<\/b> y las <b>inquietudes humanas<\/b> frente a la r\u00e1pida transformaci\u00f3n social. Es una <b>lectura esencial<\/b> para comprender la <b>sensibilidad literaria<\/b> y las preocupaciones que definen a la ficci\u00f3n actual del pa\u00eds asi\u00e1tico.<\/p>\n<p><strong>Autor: <\/strong>He Jianming<br \/>\n<strong>A\u00f1o:<\/strong> 2021<br \/>\n<strong>P\u00e1ginas:<\/strong> 241<br \/>\n<strong>Materia:<\/strong> Ficci\u00f3n<br \/>\n<strong>ISBN:<\/strong> 978-9972-9538-7-3<br \/>\n<strong>Tapa:<\/strong> Tapa blanda plastificada mate con solapas<br \/>\n<strong>Papel:<\/strong> couch\u00e9 mate 90g<br \/>\n<strong>Dimensiones:<\/strong> 20 x 14 x 4 cm<\/p>\n<p>&nbsp;<\/p>\n<p>&nbsp;<\/p>\n","protected":false},"featured_media":22274,"comment_status":"open","ping_status":"closed","template":"","meta":{"_bbp_topic_count":0,"_bbp_reply_count":0,"_bbp_total_topic_count":0,"_bbp_total_reply_count":0,"_bbp_voice_count":0,"_bbp_anonymous_reply_count":0,"_bbp_topic_count_hidden":0,"_bbp_reply_count_hidden":0,"_bbp_forum_subforum_count":0,"_mi_skip_tracking":false,"_joinchat":{"telephone":"+51915248092"}},"product_cat":[165,113],"product_tag":[],"class_list":{"0":"post-22294","1":"product","2":"type-product","3":"status-publish","4":"has-post-thumbnail","6":"product_cat-ficcion","7":"product_cat-libros-impresos","9":"first","10":"outofstock","11":"shipping-taxable","12":"purchasable","13":"product-type-simple"},"_links":{"self":[{"href":"https:\/\/fondoeditorial.editoraperu.pe\/index.php?rest_route=\/wp\/v2\/product\/22294","targetHints":{"allow":["GET"]}}],"collection":[{"href":"https:\/\/fondoeditorial.editoraperu.pe\/index.php?rest_route=\/wp\/v2\/product"}],"about":[{"href":"https:\/\/fondoeditorial.editoraperu.pe\/index.php?rest_route=\/wp\/v2\/types\/product"}],"replies":[{"embeddable":true,"href":"https:\/\/fondoeditorial.editoraperu.pe\/index.php?rest_route=%2Fwp%2Fv2%2Fcomments&post=22294"}],"wp:featuredmedia":[{"embeddable":true,"href":"https:\/\/fondoeditorial.editoraperu.pe\/index.php?rest_route=\/wp\/v2\/media\/22274"}],"wp:attachment":[{"href":"https:\/\/fondoeditorial.editoraperu.pe\/index.php?rest_route=%2Fwp%2Fv2%2Fmedia&parent=22294"}],"wp:term":[{"taxonomy":"product_cat","embeddable":true,"href":"https:\/\/fondoeditorial.editoraperu.pe\/index.php?rest_route=%2Fwp%2Fv2%2Fproduct_cat&post=22294"},{"taxonomy":"product_tag","embeddable":true,"href":"https:\/\/fondoeditorial.editoraperu.pe\/index.php?rest_route=%2Fwp%2Fv2%2Fproduct_tag&post=22294"}],"curies":[{"name":"wp","href":"https:\/\/api.w.org\/{rel}","templated":true}]}}