{"id":22296,"date":"2025-10-27T12:44:15","date_gmt":"2025-10-27T17:44:15","guid":{"rendered":"https:\/\/fondoeditorial.editoraperu.pe\/?post_type=product&#038;p=22296"},"modified":"2025-10-27T12:59:52","modified_gmt":"2025-10-27T17:59:52","slug":"literatura-de-china-vol-2","status":"publish","type":"product","link":"https:\/\/fondoeditorial.editoraperu.pe\/?product=literatura-de-china-vol-2","title":{"rendered":"Literatura de China (Vol 2.)"},"content":{"rendered":"<div class=\"fusion-fullwidth fullwidth-box fusion-builder-row-1 nonhundred-percent-fullwidth non-hundred-percent-height-scrolling\" style=\"background-color: #ffffff;background-position: center center;background-repeat: no-repeat;padding-top:0px;padding-right:0px;padding-bottom:0px;padding-left:0px;margin-bottom: 0px;margin-top: 0px;border-width: 0px 0px 0px 0px;border-color:#eae9e9;border-style:solid;\" ><div class=\"fusion-builder-row fusion-row\"><div class=\"fusion-layout-column fusion_builder_column fusion-builder-column-0 fusion_builder_column_1_1 1_1 fusion-one-full fusion-column-first fusion-column-last\" style=\"margin-top:0px;margin-bottom:20px;\"><div class=\"fusion-column-wrapper fusion-flex-column-wrapper-legacy\" style=\"background-position:left top;background-repeat:no-repeat;-webkit-background-size:cover;-moz-background-size:cover;-o-background-size:cover;background-size:cover;padding: 0px 0px 0px 0px;\"><div class=\"fusion-text fusion-text-1\"><p><em>Literatura de China (Vol. 2)<\/em><\/p>\n<p>El volumen <b>\u00abLiteratura de China (Vol. 2)\u00bb<\/b>, compilado por He Jianming, consolida el esfuerzo por acercar al lector hispanohablante la <b>pulsante narrativa china contempor\u00e1nea<\/b>. Como secuela de la primera entrega, este libro presenta una <b>nueva hornada de relatos de ficci\u00f3n<\/b>, ofreciendo una <b>muestra fresca y variada<\/b> de la maestr\u00eda narrativa que florece en la Rep\u00fablica Popular China.<\/p>\n<p>Lejos de reiterar los temas, esta colecci\u00f3n <b>profundiza y diversifica<\/b> la exploraci\u00f3n de las din\u00e1micas sociales y humanas actuales. Los autores aqu\u00ed reunidos abordan con <b>mayor intensidad y nuevas perspectivas<\/b> la vertiginosa velocidad del cambio, las <b>cuestiones morales<\/b> que surgen de la modernizaci\u00f3n acelerada y la <b>b\u00fasqueda de identidad<\/b> en un entorno en constante redefinici\u00f3n.<\/p>\n<p>El libro no solo es una <b>continuaci\u00f3n del di\u00e1logo literario<\/b> iniciado por el volumen predecesor, sino que tambi\u00e9n sirve como un <b>laboratorio de ideas y estilos<\/b>, poniendo en relieve la <b>capacidad introspectiva<\/b> de los escritores chinos para retratar la <b>complejidad emocional<\/b> y las nuevas formas de vida. Es, en definitiva, un <b>recurso imprescindible<\/b> para completar la visi\u00f3n sobre la literatura del pa\u00eds, permitiendo un <b>an\u00e1lisis integral<\/b> de las inquietudes que definen a la ficci\u00f3n china del siglo XXI.<\/p>\n<\/div><div class=\"fusion-clearfix\"><\/div><\/div><\/div><\/div><\/div>\n","protected":false},"excerpt":{"rendered":"<p>Compilado por He Jianming, <b>extiende el di\u00e1logo literario<\/b> con una <b>nueva y variada colecci\u00f3n de ficci\u00f3n breve<\/b> de autores contempor\u00e1neos de la Rep\u00fablica Popular China. Este volumen <b>profundiza en la compleja realidad social<\/b>, abordando con <b>agudeza y rigor<\/b> las consecuencias de la modernizaci\u00f3n, las <b>tensiones morales<\/b> y la <b>b\u00fasqueda de la identidad<\/b> individual en un mundo en constante mutaci\u00f3n. Es una <b>obra clave<\/b> para el lector interesado en la <b>evoluci\u00f3n de la narrativa asi\u00e1tica<\/b>, ofreciendo un <b>an\u00e1lisis multifac\u00e9tico<\/b> de las preocupaciones que animan la literatura china del siglo XXI.<\/p>\n<p><strong>Autor: <\/strong>He Jianming<br \/>\n<strong>A\u00f1o:<\/strong> 2021<br \/>\n<strong>P\u00e1ginas:<\/strong> 206<br \/>\n<strong>Materia:<\/strong> Ficci\u00f3n<br \/>\n<strong>ISBN:<\/strong> 978-9972-9538-8-0<br \/>\n<strong>Tapa:<\/strong> Tapa blanda plastificada mate con solapas<br \/>\n<strong>Papel:<\/strong> couch\u00e9 mate 90g<br \/>\n<strong>Dimensiones:<\/strong> 20 x 14 x 4 cm<\/p>\n<p>&nbsp;<\/p>\n<p>&nbsp;<\/p>\n","protected":false},"featured_media":22276,"comment_status":"open","ping_status":"closed","template":"","meta":{"_bbp_topic_count":0,"_bbp_reply_count":0,"_bbp_total_topic_count":0,"_bbp_total_reply_count":0,"_bbp_voice_count":0,"_bbp_anonymous_reply_count":0,"_bbp_topic_count_hidden":0,"_bbp_reply_count_hidden":0,"_bbp_forum_subforum_count":0,"_mi_skip_tracking":false,"_joinchat":{"telephone":"+51915248092"}},"product_cat":[165,113],"product_tag":[],"class_list":{"0":"post-22296","1":"product","2":"type-product","3":"status-publish","4":"has-post-thumbnail","6":"product_cat-ficcion","7":"product_cat-libros-impresos","9":"first","10":"outofstock","11":"shipping-taxable","12":"purchasable","13":"product-type-simple"},"_links":{"self":[{"href":"https:\/\/fondoeditorial.editoraperu.pe\/index.php?rest_route=\/wp\/v2\/product\/22296","targetHints":{"allow":["GET"]}}],"collection":[{"href":"https:\/\/fondoeditorial.editoraperu.pe\/index.php?rest_route=\/wp\/v2\/product"}],"about":[{"href":"https:\/\/fondoeditorial.editoraperu.pe\/index.php?rest_route=\/wp\/v2\/types\/product"}],"replies":[{"embeddable":true,"href":"https:\/\/fondoeditorial.editoraperu.pe\/index.php?rest_route=%2Fwp%2Fv2%2Fcomments&post=22296"}],"wp:featuredmedia":[{"embeddable":true,"href":"https:\/\/fondoeditorial.editoraperu.pe\/index.php?rest_route=\/wp\/v2\/media\/22276"}],"wp:attachment":[{"href":"https:\/\/fondoeditorial.editoraperu.pe\/index.php?rest_route=%2Fwp%2Fv2%2Fmedia&parent=22296"}],"wp:term":[{"taxonomy":"product_cat","embeddable":true,"href":"https:\/\/fondoeditorial.editoraperu.pe\/index.php?rest_route=%2Fwp%2Fv2%2Fproduct_cat&post=22296"},{"taxonomy":"product_tag","embeddable":true,"href":"https:\/\/fondoeditorial.editoraperu.pe\/index.php?rest_route=%2Fwp%2Fv2%2Fproduct_tag&post=22296"}],"curies":[{"name":"wp","href":"https:\/\/api.w.org\/{rel}","templated":true}]}}