{"id":22302,"date":"2025-10-27T16:49:23","date_gmt":"2025-10-27T21:49:23","guid":{"rendered":"https:\/\/fondoeditorial.editoraperu.pe\/?post_type=product&#038;p=22302"},"modified":"2025-10-27T17:09:24","modified_gmt":"2025-10-27T22:09:24","slug":"viaje-al-oeste-en-audiolibro","status":"publish","type":"product","link":"https:\/\/fondoeditorial.editoraperu.pe\/?product=viaje-al-oeste-en-audiolibro","title":{"rendered":"Viaje al oeste en audiolibro"},"content":{"rendered":"<div class=\"fusion-fullwidth fullwidth-box fusion-builder-row-1 nonhundred-percent-fullwidth non-hundred-percent-height-scrolling\" style=\"background-color: #ffffff;background-position: center center;background-repeat: no-repeat;padding-top:0px;padding-right:0px;padding-bottom:0px;padding-left:0px;margin-bottom: 0px;margin-top: 0px;border-width: 0px 0px 0px 0px;border-color:#eae9e9;border-style:solid;\" ><div class=\"fusion-builder-row fusion-row\"><div class=\"fusion-layout-column fusion_builder_column fusion-builder-column-0 fusion_builder_column_1_1 1_1 fusion-one-full fusion-column-first fusion-column-last\" style=\"margin-top:0px;margin-bottom:20px;\"><div class=\"fusion-column-wrapper fusion-flex-column-wrapper-legacy\" style=\"background-position:left top;background-repeat:no-repeat;-webkit-background-size:cover;-moz-background-size:cover;-o-background-size:cover;background-size:cover;padding: 0px 0px 0px 0px;\"><div class=\"fusion-text fusion-text-1\"><p><em><b>Viaje al Oeste en audiolibro<\/b><\/em><\/p>\n<p>Es una <b>\u00e9pica monumental<\/b> que narra el legendario peregrinaje del monje budista <b>Tang Sanzang (o Tripitaka)<\/b> desde China hasta la India, con el objetivo de recuperar los <i>sutras<\/i> sagrados de Buda y traerlos de regreso. M\u00e1s que una cr\u00f3nica hist\u00f3rica (inspirada en un viaje real del siglo VII), la novela se desarrolla como una <b>fantas\u00eda aleg\u00f3rica<\/b> saturada de mitolog\u00eda, s\u00e1tira y simbolismo religioso.<\/p>\n<p>La verdadera magia de la obra reside en el <b>cuarteto de viajeros<\/b> que acompa\u00f1a al monje:<\/p>\n<ol start=\"1\">\n<li><b>Sun Wukong (el Rey Mono):<\/b> El protagonista indiscutible. Nacido de una piedra, es un ser <b>rebelde, astuto e inmortal<\/b> con inmensos poderes (72 transformaciones, un b\u00e1culo m\u00e1gico y la capacidad de volar sobre una nube). Su viaje es una <b>penitencia<\/b> impuesta por Buda por haber desafiado al Cielo, buscando redenci\u00f3n a trav\u00e9s de la obediencia.<\/li>\n<li><b>Zhu Bajie (el Cerdo):<\/b> Un antiguo mariscal celestial castigado por su <b>glotoner\u00eda y lujuria<\/b>. Su personaje representa la debilidad y la naturaleza humana imperfecta.<\/li>\n<li><b>Sha Wujing (el Ogro\/Monje Sha):<\/b> Un esp\u00edritu de r\u00edo castigado, que aporta la <b>fuerza, la estabilidad y la lealtad<\/b> al grupo.<\/li>\n<li><b>Yulong (el Pr\u00edncipe Drag\u00f3n):<\/b> Un drag\u00f3n transformado en el caballo blanco de Tang Sanzang.<\/li>\n<\/ol>\n<p>A lo largo de sus 81 cap\u00edtulos (o m\u00e1s de 200 episodios), el grupo enfrenta <b>innumerables monstruos, demonios y obst\u00e1culos<\/b> sobrenaturales, que act\u00faan como <b>met\u00e1foras de las tribulaciones y tentaciones<\/b> que el ser humano debe superar en su <b>viaje espiritual hacia la iluminaci\u00f3n<\/b>. El audiolibro permite sumergirse en este vasto universo donde la <b>perseverancia, la fe y la redenci\u00f3n<\/b> son las lecciones centrales.<\/p>\n<\/div><div class=\"fusion-clearfix\"><\/div><\/div><\/div><\/div><\/div>\n","protected":false},"excerpt":{"rendered":"<p>Es uno de los <b>grandes monumentos de la literatura china<\/b>, una <b>\u00e9pica de aventuras y alegor\u00eda espiritual<\/b> que sigue el peregrinaje del monje <b>Tang Sanzang<\/b> a la India en busca de escrituras budistas. La obra es famosa por su ic\u00f3nico protagonista, <b>Sun Wukong (el Rey Mono)<\/b>, un ser inmortal y rebelde con poderes ilimitados, cuya penitencia es proteger al monje junto a sus compa\u00f1eros: el glot\u00f3n <b>Zhu Bajie<\/b> y el leal <b>Monje Sha<\/b>. A trav\u00e9s de <b>81 tribulaciones<\/b> que representan las pruebas de la vida, la novela combina acci\u00f3n, humor y profunda simbolog\u00eda para explorar temas de <b>redenci\u00f3n, perseverancia y la b\u00fasqueda de la iluminaci\u00f3n<\/b> espiritual.<\/p>\n<p><strong>A\u00f1o:<\/strong> 2021<br \/>\n<strong>P\u00e1ginas<\/strong>: 216<br \/>\n<strong>Materia:<\/strong> Ficci\u00f3n<br \/>\n<strong>ISBN:<\/strong> 978-612-48734-0-9<br \/>\n<strong>Tapa:<\/strong> Tapa blanda plastificada mate con solapas<br \/>\n<strong>Papel:<\/strong> Bond avena 80 gr.<br \/>\n<strong>Dimensiones:<\/strong> 14.5 x 21 cm<\/p>\n<p>&nbsp;<\/p>\n<p>&nbsp;<\/p>\n","protected":false},"featured_media":22288,"comment_status":"open","ping_status":"closed","template":"","meta":{"_bbp_topic_count":0,"_bbp_reply_count":0,"_bbp_total_topic_count":0,"_bbp_total_reply_count":0,"_bbp_voice_count":0,"_bbp_anonymous_reply_count":0,"_bbp_topic_count_hidden":0,"_bbp_reply_count_hidden":0,"_bbp_forum_subforum_count":0,"_mi_skip_tracking":false,"_joinchat":{"telephone":"+51915248092"}},"product_cat":[165,113],"product_tag":[],"class_list":{"0":"post-22302","1":"product","2":"type-product","3":"status-publish","4":"has-post-thumbnail","6":"product_cat-ficcion","7":"product_cat-libros-impresos","9":"first","10":"outofstock","11":"shipping-taxable","12":"purchasable","13":"product-type-simple"},"_links":{"self":[{"href":"https:\/\/fondoeditorial.editoraperu.pe\/index.php?rest_route=\/wp\/v2\/product\/22302","targetHints":{"allow":["GET"]}}],"collection":[{"href":"https:\/\/fondoeditorial.editoraperu.pe\/index.php?rest_route=\/wp\/v2\/product"}],"about":[{"href":"https:\/\/fondoeditorial.editoraperu.pe\/index.php?rest_route=\/wp\/v2\/types\/product"}],"replies":[{"embeddable":true,"href":"https:\/\/fondoeditorial.editoraperu.pe\/index.php?rest_route=%2Fwp%2Fv2%2Fcomments&post=22302"}],"wp:featuredmedia":[{"embeddable":true,"href":"https:\/\/fondoeditorial.editoraperu.pe\/index.php?rest_route=\/wp\/v2\/media\/22288"}],"wp:attachment":[{"href":"https:\/\/fondoeditorial.editoraperu.pe\/index.php?rest_route=%2Fwp%2Fv2%2Fmedia&parent=22302"}],"wp:term":[{"taxonomy":"product_cat","embeddable":true,"href":"https:\/\/fondoeditorial.editoraperu.pe\/index.php?rest_route=%2Fwp%2Fv2%2Fproduct_cat&post=22302"},{"taxonomy":"product_tag","embeddable":true,"href":"https:\/\/fondoeditorial.editoraperu.pe\/index.php?rest_route=%2Fwp%2Fv2%2Fproduct_tag&post=22302"}],"curies":[{"name":"wp","href":"https:\/\/api.w.org\/{rel}","templated":true}]}}